ctor of c and 32.
4
Let y(j) = -j**3 - 4*j**2 + 7*j - 10. Let o be y(-7). Suppose i - 1 - 19 = 0. Suppose -2 = -k + i. Calculate the greatest common divisor of o and k.
22
Suppose -3*c - 2*c = -130. Let m(b) = b + 8. Let t be m(-8). Suppose l = -t + 39. Calculate the greatest common factor of c and l.
13
Suppose 7*d = 105 + 280. What is the highest common divisor of 10 and d?
5
Let s be (-2 - -6)/(-16) - (-126)/24. Let f be 7/4 + (-3)/(-12). What is the highest common factor of s and f?
1
Let v be ((-3)/6)/(3/(-72)). Let n = v + -8. Suppose -5*f + k = -29, 5*f - 2*f = -n*k - 1. What is the greatest common divisor of f and 40?
5
Suppose -2*r = -3*s - 221, -r + 4*s = 4*r - 556. Suppose -2*z + 53 = -135. Suppose -30 + z = 4*b. Calculate the highest common divisor of r and b.
16
Let r(z) = z**3 + 11*z**2 - 3*z - 13. Let h be r(-11). Calculate the greatest common factor of h and 10.
10
Let t(b) = -8*b - 4. Suppose -3*o - 2*p = 12, 2*o - o + 21 = 5*p. Let c be t(o). Calculate the greatest common factor of 11 and c.
11
Suppose -24 = -4*j - 4. Suppose 2*c + 4 = 0, -j*w + c + 71 = -201. Calculate the greatest common factor of w and 9.
9
Let a be (-1 - 0)/((-2)/34). Suppose 0 = -5*z + 21 + 64. What is the highest common divisor of a and z?
17
Let s be -1 - -3 - (-2 - -2). Suppose 0*w + 16 = s*w. Calculate the greatest common factor of 8 and w.
8
Let p = -184 + 258. What is the greatest common factor of p and 37?
37
Let t be 20/(8/(-6) - -2). Let x = t + -14. What is the greatest common divisor of 8 and x?
8
Let o be (-2)/((-1)/(1/2)). Suppose -8 = -g + o. Let r(m) = -71*m + 1. Let n be r(-1). What is the greatest common factor of g and n?
9
Suppose 4*w - 2*l - 78 = 80, l = -3*w + 106. Let a = 92 - w. Calculate the greatest common factor of 11 and a.
11
Suppose -2*i + 24 = i. Let w be 5 + 6*(-4)/i. Calculate the highest common factor of w and 6.
2
Suppose 4*l - 373 = 455. Calculate the greatest common factor of 9 and l.
9
Suppose r + r = 18. Let g = r + -5. Let c = 58 - 38. What is the highest common divisor of g and c?
4
Suppose 5*l + 4*p - 932 = 0, 3*l - 87 = -4*p + 469. Suppose 0*t + 170 = 2*d - 4*t, 2*d = -2*t + l. Calculate the highest common factor of 13 and d.
13
Suppose -5*x - 15 = 0, r + 2*x + 3 + 7 = 0. Let h be ((-2)/r)/(2/48). What is the greatest common divisor of 108 and h?
12
Let f be (-2)/6 - 20/(-6). Suppose k + f = 7. Let t = 0 + k. Calculate the greatest common divisor of t and 36.
4
Let w be 150/(-12)*(-112)/10. Suppose -i + 16 + 4 = o, 0 = -5*i + 5*o + 100. Calculate the highest common divisor of i and w.
20
Suppose 0 = -4*h - 0*h + 36. Let v = 8 - -37. What is the highest common divisor of v and h?
9
Let w = -47 - -127. Suppose -2*a + 37 = -3. What is the greatest common factor of a and w?
20
Let t(b) = -b**2 - 11*b - 6. Let c be t(-4). Let j be -264*((-1)/(-4) - 1). Calculate the highest common divisor of j and c.
22
Suppose 2*n = -3*n + 225. Calculate the greatest common divisor of n and 18.
9
Let a(n) = n**2 - 5*n + 7. Let f be a(3). What is the greatest common divisor of 7 and f?
1
Let q = -22 - -16. Let u = q - -11. Suppose u*w - 30 = -0*w. What is the greatest common divisor of w and 66?
6
Let t be ((-1)/(-2))/(5/30). What is the highest common factor of 1 and t?
1
Let f = 3 - -13. Calculate the greatest common divisor of f and 4.
4
Suppose -5*s = -10*s + 35. Let l = s - -7. Calculate the greatest common divisor of l and 2.
2
Let i(l) = l**2 - 8*l + 12. Let j be i(6). Suppose -c + j*c + 2 = f, 0 = -2*c - f + 7. What is the highest common factor of 35 and c?
5
Let p be (-27)/(-12) + 3/(-12). Calculate the highest common factor of p and 14.
2
Let c = 84 - 29. Suppose 0 = -d - 3*d + 96. Let p = d + -13. What is the highest common factor of c and p?
11
Suppose 0*v + 93 = v. Suppose 4*w + 4*b - 128 = 0, 2*w + b - 43 = 20. Calculate the highest common factor of v and w.
31
Let d(a) = -a + 19. Let t be d(17). Suppose -56 = j - 5*j. Calculate the greatest common divisor of t and j.
2
Let j be ((-1)/2)/((-1)/10). Let s = -5 + -3. Let p(b) = -b**2 - 11*b - 9. Let t be p(s). What is the highest common divisor of j and t?
5
Let p(n) = -n**2 - 7*n - 9. Let y be p(-5). Suppose 0 = 4*z - 4*a - 12, 4*z - 3 - 3 = a. What is the highest common factor of y and z?
1
Let f(m) = m**2 - 4*m + 3. Let x be f(7). Suppose 0*a + a + 13 = 0. Let l = 3 - a. What is the highest common factor of l and x?
8
Let w(g) = -g**2 - 5*g. Let f be w(-5). Suppose -a + f = -3. What is the highest common divisor of a and 1?
1
Let j(f) = 10*f + 55. Let o be j(8). What is the highest common divisor of 15 and o?
15
Let i = 13 + 38. What is the greatest common divisor of i and 17?
17
Let f = 27 - 14. Calculate the greatest common divisor of 117 and f.
13
Let d(t) = -6*t + 11. Let g be d(-3). What is the highest common divisor of 29 and g?
29
Suppose 2*r - 16 = -4*b, 9 = r + 3*b - 2. Let f = -251 + 261. What is the greatest common factor of r and f?
2
Let u = 13 + 4. Suppose -x = -4*x + 111. Suppose 4*m = b + 109 - x, 2*b + 93 = 5*m. Calculate the highest common factor of u and m.
17
Suppose 0 = 3*l - 9. Suppose l*f = -2*q + 5 + 63, -4*q + 76 = 3*f. Calculate the greatest common divisor of f and 40.
20
Let j(z) = -z + 8. Let r be j(6). Let l = 6 + r. What is the greatest common divisor of l and 40?
8
Let j(i) = -2*i**2 + 1. Let x be j(1). Let q be -3 + (0 - x) + -31. Let m = 3 - q. What is the greatest common factor of m and 9?
9
Let b(g) be the first derivative of 3*g**2/2 - 2. Let f be b(-4). Let w be -6*(f/(-3))/(-2). Calculate the greatest common factor of 12 and w.
12
Let l(f) = 2*f**2 - 30*f + 25. Let c be l(15). Let p(i) = -3*i - 8. Let q be 9/(-3*(-2)/(-4)). Let y be p(q). Calculate the highest common factor of c and y.
5
Let i be (-1 - 0) + (2 - -8). Let g = -38 - -101. Calculate the highest common divisor of g and i.
9
Suppose 4*d = -4, -3*n + 3*d = -d + 44. Let x be 15/4 - 4/n. Let f(z) = -z**3 + 5*z**2 - 4*z + 4. Let k be f(4). What is the highest common divisor of k and x?
4
Suppose -2*m = -2*l, -2*m + 7*m + 6 = -l. Let k be (2 - l)*1 + 6. Suppose 3*p - 13 - 31 = 2*z, 2*z = 10. What is the greatest common divisor of p and k?
9
Let f be 3/(-4) + 6762/56. What is the highest common divisor of 10 and f?
10
Let g be (-7 - -5)/((-1)/15). Suppose 5*j = 3*j + g. Let v = j - -40. Calculate the greatest common divisor of 22 and v.
11
Suppose 0 = 6*n + 6*n - 588. Calculate the highest common divisor of 49 and n.
49
Let t(a) = -5 + 20*a**2 - 14*a - 2 - 21*a**2. Let y be t(-9). What is the greatest common factor of y and 95?
19
Let f(s) be the first derivative of s**3 - s**2 + 1. Let p be f(2). Suppose a = p + 124. Calculate the greatest common divisor of 12 and a.
12
Suppose 4*p + 0*v = 3*v + 65, -2*v = -p + 20. Calculate the highest common factor of 35 and p.
7
Let t(h) = -h**3 - 3*h**2 + 7*h. Let a be t(-5). Calculate the highest common factor of a and 165.
15
Let d(b) = 11*b**2 - 9*b + 4. Let m be d(-4). Calculate the highest common divisor of 27 and m.
27
Suppose 2*b = -b + 2*y + 7, 5*y - 8 = -b. Calculate the highest common divisor of b and 12.
3
Let l(f) = 327*f - 8. Let b be l(1). Calculate the highest common factor of b and 29.
29
Let r = -1 + 7. Suppose 0 = 2*w + 5*x - 13, -57 = -3*w - x + r*x. What is the greatest common divisor of 70 and w?
14
Let w = 125 - 41. Suppose -2*q + w = -240. What is the greatest common divisor of q and 18?
18
Let x = 14 - -4. Let l(h) = -h**3 + 20*h**2 - 10*h + 27. Let r be l(19). Calculate the highest common factor of x and r.
18
Suppose 4*k - 13 + 1 = 0. Suppose -2*l - 52 = -4*w, -w - w + k*l = -30. What is the greatest common factor of 48 and w?
12
Suppose -2*g = -4*g + 6. Suppose -u = 3*d - 4 - 26, g*d = 15. Let w = 33 + -18. Calculate the highest common divisor of u and w.
15
Let h(l) be the first derivative of -l**2/2 + 6*l + 1. Let k be h(-11). Let m = 179 - 26. Calculate the highest common factor of k and m.
17
Let r(x) = -12*x. Let d be r(-1). Let t(i) = i**2 + 3*i - 4. Let c be (-2)/4 + (-51)/(-6). Let q be t(c). Calculate the greatest common factor of d and q.
12
Suppose -b + 4*b - 120 = 0. Let p be -18*(2 - (-4 - -2)). Let s = b - p. What is the highest common divisor of 14 and s?
14
Let d(n) = n**2 - n - 4. Let o(a) 